{"id":1023,"date":"2020-12-19T09:50:28","date_gmt":"2020-12-19T09:50:28","guid":{"rendered":"https:\/\/erea-joel-jeannot.fr\/?page_id=1023"},"modified":"2020-12-19T14:30:30","modified_gmt":"2020-12-19T14:30:30","slug":"joel-jeannot","status":"publish","type":"page","link":"https:\/\/erea-joel-jeannot.fr\/?page_id=1023","title":{"rendered":"Jo\u00ebl Jeannot"},"content":{"rendered":"\t\t<div data-elementor-type=\"wp-page\" data-elementor-id=\"1023\" class=\"elementor elementor-1023\" data-elementor-post-type=\"page\">\n\t\t\t\t\t\t<section class=\"elementor-section elementor-top-section elementor-element elementor-element-8b9a3c7 elementor-section-boxed elementor-section-height-default elementor-section-height-default\" data-id=\"8b9a3c7\" data-element_type=\"section\" data-e-type=\"section\">\n\t\t\t\t\t\t<div class=\"elementor-container elementor-column-gap-default\">\n\t\t\t\t\t<div class=\"elementor-column elementor-col-100 elementor-top-column elementor-element elementor-element-718c62d\" data-id=\"718c62d\" data-element_type=\"column\" data-e-type=\"column\">\n\t\t\t<div class=\"elementor-widget-wrap elementor-element-populated\">\n\t\t\t\t\t\t<div class=\"elementor-element elementor-element-ac5048d elementor-widget elementor-widget-spacer\" data-id=\"ac5048d\" data-element_type=\"widget\" data-e-type=\"widget\" data-widget_type=\"spacer.default\">\n\t\t\t\t<div class=\"elementor-widget-container\">\n\t\t\t\t\t\t\t<div class=\"elementor-spacer\">\n\t\t\t<div class=\"elementor-spacer-inner\"><\/div>\n\t\t<\/div>\n\t\t\t\t\t\t<\/div>\n\t\t\t\t<\/div>\n\t\t\t\t<div class=\"elementor-element elementor-element-a819cf8 elementor-widget elementor-widget-heading\" data-id=\"a819cf8\" data-element_type=\"widget\" data-e-type=\"widget\" data-widget_type=\"heading.default\">\n\t\t\t\t<div class=\"elementor-widget-container\">\n\t\t\t\t\t<h2 class=\"elementor-heading-title elementor-size-default\">Qui est Jo\u00ebl Jeannot?<\/h2>\t\t\t\t<\/div>\n\t\t\t\t<\/div>\n\t\t\t\t<section class=\"elementor-section elementor-inner-section elementor-element elementor-element-cf29ccd elementor-section-boxed elementor-section-height-default elementor-section-height-default\" data-id=\"cf29ccd\" data-element_type=\"section\" data-e-type=\"section\">\n\t\t\t\t\t\t<div class=\"elementor-container elementor-column-gap-default\">\n\t\t\t\t\t<div class=\"elementor-column elementor-col-50 elementor-inner-column elementor-element elementor-element-b4956a8\" data-id=\"b4956a8\" data-element_type=\"column\" data-e-type=\"column\">\n\t\t\t<div class=\"elementor-widget-wrap elementor-element-populated\">\n\t\t\t\t\t\t<div class=\"elementor-element elementor-element-69b11d8 elementor-widget elementor-widget-image\" data-id=\"69b11d8\" data-element_type=\"widget\" data-e-type=\"widget\" data-widget_type=\"image.default\">\n\t\t\t\t<div class=\"elementor-widget-container\">\n\t\t\t\t\t\t\t\t\t\t\t\t\t\t\t<img fetchpriority=\"high\" decoding=\"async\" width=\"257\" height=\"368\" src=\"https:\/\/erea-joel-jeannot.fr\/wp-content\/uploads\/2020\/12\/joel-jeannot.jpg\" class=\"attachment-large size-large wp-image-1030\" alt=\"\" srcset=\"https:\/\/erea-joel-jeannot.fr\/wp-content\/uploads\/2020\/12\/joel-jeannot.jpg 257w, https:\/\/erea-joel-jeannot.fr\/wp-content\/uploads\/2020\/12\/joel-jeannot-210x300.jpg 210w\" sizes=\"(max-width: 257px) 100vw, 257px\" \/>\t\t\t\t\t\t\t\t\t\t\t\t\t\t\t<\/div>\n\t\t\t\t<\/div>\n\t\t\t\t<div class=\"elementor-element elementor-element-4e3503e elementor-align-left elementor-widget elementor-widget-button\" data-id=\"4e3503e\" data-element_type=\"widget\" data-e-type=\"widget\" data-widget_type=\"button.default\">\n\t\t\t\t<div class=\"elementor-widget-container\">\n\t\t\t\t\t\t\t\t\t<div class=\"elementor-button-wrapper\">\n\t\t\t\t\t<a class=\"elementor-button elementor-button-link elementor-size-sm\" href=\"http:\/\/www.joel-jeannot.com\">\n\t\t\t\t\t\t<span class=\"elementor-button-content-wrapper\">\n\t\t\t\t\t\t<span class=\"elementor-button-icon\">\n\t\t\t\t<i aria-hidden=\"true\" class=\"icon icon-internet\"><\/i>\t\t\t<\/span>\n\t\t\t\t\t\t\t\t\t<span class=\"elementor-button-text\">site officiel<\/span>\n\t\t\t\t\t<\/span>\n\t\t\t\t\t<\/a>\n\t\t\t\t<\/div>\n\t\t\t\t\t\t\t\t<\/div>\n\t\t\t\t<\/div>\n\t\t\t\t\t<\/div>\n\t\t<\/div>\n\t\t\t\t<div class=\"elementor-column elementor-col-50 elementor-inner-column elementor-element elementor-element-4efb7bc\" data-id=\"4efb7bc\" data-element_type=\"column\" data-e-type=\"column\">\n\t\t\t<div class=\"elementor-widget-wrap elementor-element-populated\">\n\t\t\t\t\t\t<div class=\"elementor-element elementor-element-c41c482 elementor-widget elementor-widget-text-editor\" data-id=\"c41c482\" data-element_type=\"widget\" data-e-type=\"widget\" data-widget_type=\"text-editor.default\">\n\t\t\t\t<div class=\"elementor-widget-container\">\n\t\t\t\t\t\t\t\t\t<p><span style=\"color: #000000;\"><strong>Il est l\u2019a\u00een\u00e9 d\u2019une famille de 6 enfants habitant St Joseph.<\/strong> M\u00e9canicien de m\u00e9tier, il est victime en 1990 \u00e0 l\u2019\u00e2ge de 25 ans d\u2019un accident du travail. Une benne qui tombe d\u2019un camion, le voil\u00e0 avec le dos bris\u00e9. Suite \u00e0 cet accident, il choisit de partir Martinique pour venir en m\u00e9tropole et engage un travail de r\u00e9\u00e9ducation. Il s\u2019installe en Dordogne. Tr\u00e8s vite, il pratique le sport, le basket pour commencer puis l\u2019athl\u00e9tisme.<br \/><\/span><span style=\"color: #000000;\">\u00ab<em> En arrivant en Dordogne, je me suis mis au sport. J\u2019ai mis des roues et le monde s\u2019est ouvert\u00bb<\/em><\/span><span style=\"color: #000000;\"><em>,<\/em> raconte-t-il, dans une interview au journal Sud Ouest, au lendemain de son titre de champion du monde.<br \/><\/span><\/p><p><strong><span style=\"color: #000000;\">Ses motivations sont nombreuses.<br \/><\/span><\/strong><span style=\"color: #000000;\">\u00ab <em>Le sport,<\/em> dit-il, c<em>\u2019est un moyen d\u2019int\u00e9gration, une fa\u00e7on de se reconnecter avec les gens. C\u2019est aussi aider son corps \u00e0 vivre. Bien s\u00fbr, il faut accepter un nouveau corps, mais repousser ses limites au-del\u00e0 de celles fix\u00e9es par les m\u00e9decins.<\/em> \u00bb<br \/><\/span><span style=\"color: #000000;\">Du basket, sport collectif, Jo\u00ebl passe \u00e0 l\u2019athl\u00e9tisme. D\u2019embl\u00e9e les sensations sont bonnes. Son temp\u00e9rament lui permet d\u2019obtenir tr\u00e8s vite des r\u00e9sultats dans une discipline o\u00f9 le mental est primordial.<br \/><\/span><span style=\"color: #000000;\">\u00ab <em>En athl\u00e9, la performance individuelle est primordiale. Il faut constamment te d\u00e9passer, que tu sois valide ou pas d\u2019ailleurs, c\u2019est la m\u00eame chose.<\/em> \u00bb<br \/><\/span><span style=\"color: #000000;\">De fait, Jo\u00ebl engrange peu \u00e0 peu les victoires : aux championnats de France, d\u2019Europe. Il int\u00e8gre l\u2019\u00e9quipe de France.<br \/><\/span><span style=\"color: #000000;\">Au fil des mois, au fil des ann\u00e9es, Jo\u00ebl collectionne les m\u00e9dailles. Il devient un ambassadeur du P\u00e9rigord, et du sport tout simplement.<br \/><\/span><span style=\"color: #000000;\">\u00ab <em>La vie reste toujours un combat, un combat pacifique certes, mais un combat quand m\u00eame. En permanence, tu dois t\u2019interroger sur le sens que tu donnes \u00e0 ta vie<\/em> \u00bb.<br \/><\/span><span style=\"color: #000000;\">Son titre de champion du monde en 1500m fauteuil roulant marque un tournant dans sa carri\u00e8re.<\/span><\/p><p><span style=\"color: #000000;\"><strong>1994<\/strong><br \/><\/span><span style=\"color: #000000;\">Entr\u00e9e en \u00e9quipe de France<\/span><br \/><span style=\"color: #000000;\">Champion du Monde relais 4x400m<br \/><\/span><span style=\"color: #000000;\"><strong>1996<\/strong><br \/><\/span><span style=\"color: #000000;\">S\u00e9lectionn\u00e9 pour les jeux paralympiques d&rsquo;Atlanta<br \/><\/span><span style=\"color: #000000;\">Finaliste<br \/><\/span><strong><span style=\"color: #000000;\">1997<br \/><\/span><\/strong><span style=\"color: #000000;\">Champion de France sur piste 400m et 5000m<\/span><br \/><span style=\"color: #000000;\">Champion de France sur route de semi marathon (21km)<\/span><br \/><span style=\"color: #000000;\">R\u00e9compense du meilleur sportif du d\u00e9partement (Oscar Sud Ouest &#8211; France 3)<br \/><\/span><strong><span style=\"color: #000000;\">1998<br \/><\/span><\/strong><span style=\"color: #000000;\">Champion du Monde des relais 4&#215;100 et 4x400m<\/span><br \/><span style=\"color: #000000;\">Vice champion du Monde du 5000m<br \/><\/span><strong><span style=\"color: #000000;\">1999<br \/><\/span><\/strong><span style=\"color: #000000;\">Vainqueur du marathon de Paris<\/span><br \/><span style=\"color: #000000;\">Champion de France sur piste 400 &#8211; 1500 &#8211; 5000m<\/span><br \/><span style=\"color: #000000;\">Champion de France sur route de semi marathon<\/span><br \/><span style=\"color: #000000;\">Marathon de Berlin 2\u00e8me en 1h 23&prime; 56\u00a0\u00bb record de France<br \/><\/span><strong><span style=\"color: #000000;\">2000<br \/><\/span><\/strong><span style=\"color: #000000;\">Vainqueur du marathon de Paris<\/span><br \/><span style=\"color: #000000;\">Champion de France 5000m<\/span><br \/><span style=\"color: #000000;\">Champion de France sur route de semi marathon<\/span><br \/><span style=\"color: #000000;\">Selectionn\u00e9 pour les jeux paralympiques de Sydney<\/span><br \/><span style=\"color: #000000;\">M\u00e9daille d&rsquo;or du relais 4x400m<\/span><br \/><span style=\"color: #000000;\">Finaliste 800m &#8211; 1500m &#8211; 5000m<\/span><br \/><span style=\"color: #000000;\">R\u00e9compense du meilleur sportif du d\u00e9partement et de la r\u00e9gion Aquitaine (Oscar Sud Ouest &#8211; France 3)<\/span><\/p><p><span style=\"color: #000000;\">Chevalier de la L\u00e9gion d&rsquo;Honneur, d\u00e9cor\u00e9 le 23 novembre 2000 par M. Le Pr\u00e9sident J. CHIRAC<\/span><\/p><p><span style=\"color: #000000;\"><strong>Mais encore..<\/strong>.<\/span><br \/><span style=\"color: #000000;\">RECORD DE FRANCE SUR PISTE RECORD DE FRANCE SUR ROUTE<\/span><\/p><p><span style=\"color: #000000;\">23 juillet 2004 &#8211; 800m &#8211; 1&rsquo;35\u00a0\u00bb96 au Stade de France<br \/>juillet 2004 &#8211; 10 km &#8211; 19&rsquo;22\u00a0\u00bb \u00e0 Atlanta USA<br \/><\/span><span style=\"color: #000000;\">ao\u00fbt 2000 &#8211; 1500m &#8211; 2&rsquo;57\u00a0\u00bb13 \u00e0 Zurich Suisse <br \/>RECORD DE FRANCE DU MARATHON (42 km)<\/span><br \/><span style=\"color: #000000;\">RECORD D&rsquo;EUROPE SUR PISTE avril 2004 &#8211; 1h 21&prime; 07\u00a0\u00bb \u00e0 Boston USA<\/span><br \/><span style=\"color: #000000;\">1998 &#8211; 10 000m &#8211; 21&rsquo;01\u00a0\u00bb \u00e0 Jona Suisse <br \/>2003 &#8211; Meilleur sportif du d\u00e9partement (Oscar Sud Ouest &#8211; France 3)<\/span><br \/><span style=\"color: #000000;\">juillet 2004 &#8211; 5000m &#8211; 10&rsquo;01\u00a0\u00bb93 \u00e0 Atlanta USA<\/span><\/p>\t\t\t\t\t\t\t\t<\/div>\n\t\t\t\t<\/div>\n\t\t\t\t\t<\/div>\n\t\t<\/div>\n\t\t\t\t\t<\/div>\n\t\t<\/section>\n\t\t\t\t\t<\/div>\n\t\t<\/div>\n\t\t\t\t\t<\/div>\n\t\t<\/section>\n\t\t\t\t<\/div>\n\t\t","protected":false},"excerpt":{"rendered":"<p>Qui est Jo\u00ebl Jeannot? site officiel Il est l\u2019a\u00een\u00e9 d\u2019une famille de 6 enfants habitant St Joseph. M\u00e9canicien de m\u00e9tier, il est victime en 1990 \u00e0 l\u2019\u00e2ge de 25 ans d\u2019un accident du travail. Une benne qui tombe d\u2019un camion, le voil\u00e0 avec le dos bris\u00e9. Suite \u00e0 cet accident, il choisit de partir Martinique [&hellip;]<\/p>\n","protected":false},"author":3,"featured_media":0,"parent":0,"menu_order":0,"comment_status":"closed","ping_status":"closed","template":"","meta":{"site-sidebar-layout":"no-sidebar","site-content-layout":"page-builder","ast-site-content-layout":"default","site-content-style":"default","site-sidebar-style":"default","ast-global-header-display":"","ast-banner-title-visibility":"","ast-main-header-display":"disabled","ast-hfb-above-header-display":"","ast-hfb-below-header-display":"","ast-hfb-mobile-header-display":"","site-post-title":"disabled","ast-breadcrumbs-content":"disabled","ast-featured-img":"disabled","footer-sml-layout":"","ast-disable-related-posts":"","theme-transparent-header-meta":"default","adv-header-id-meta":"","stick-header-meta":"","header-above-stick-meta":"","header-main-stick-meta":"","header-below-stick-meta":"","astra-migrate-meta-layouts":"default","ast-page-background-enabled":"default","ast-page-background-meta":{"desktop":{"background-color":"","background-image":"","background-repeat":"repeat","background-position":"center center","background-size":"auto","background-attachment":"scroll","background-type":"","background-media":"","overlay-type":"","overlay-color":"","overlay-opacity":"","overlay-gradient":""},"tablet":{"background-color":"","background-image":"","background-repeat":"repeat","background-position":"center center","background-size":"auto","background-attachment":"scroll","background-type":"","background-media":"","overlay-type":"","overlay-color":"","overlay-opacity":"","overlay-gradient":""},"mobile":{"background-color":"","background-image":"","background-repeat":"repeat","background-position":"center center","background-size":"auto","background-attachment":"scroll","background-type":"","background-media":"","overlay-type":"","overlay-color":"","overlay-opacity":"","overlay-gradient":""}},"ast-content-background-meta":{"desktop":{"background-color":"var(--ast-global-color-5)","background-image":"","background-repeat":"repeat","background-position":"center center","background-size":"auto","background-attachment":"scroll","background-type":"","background-media":"","overlay-type":"","overlay-color":"","overlay-opacity":"","overlay-gradient":""},"tablet":{"background-color":"var(--ast-global-color-5)","background-image":"","background-repeat":"repeat","background-position":"center center","background-size":"auto","background-attachment":"scroll","background-type":"","background-media":"","overlay-type":"","overlay-color":"","overlay-opacity":"","overlay-gradient":""},"mobile":{"background-color":"var(--ast-global-color-5)","background-image":"","background-repeat":"repeat","background-position":"center center","background-size":"auto","background-attachment":"scroll","background-type":"","background-media":"","overlay-type":"","overlay-color":"","overlay-opacity":"","overlay-gradient":""}},"footnotes":""},"class_list":["post-1023","page","type-page","status-publish","hentry"],"_links":{"self":[{"href":"https:\/\/erea-joel-jeannot.fr\/index.php?rest_route=\/wp\/v2\/pages\/1023","targetHints":{"allow":["GET"]}}],"collection":[{"href":"https:\/\/erea-joel-jeannot.fr\/index.php?rest_route=\/wp\/v2\/pages"}],"about":[{"href":"https:\/\/erea-joel-jeannot.fr\/index.php?rest_route=\/wp\/v2\/types\/page"}],"author":[{"embeddable":true,"href":"https:\/\/erea-joel-jeannot.fr\/index.php?rest_route=\/wp\/v2\/users\/3"}],"replies":[{"embeddable":true,"href":"https:\/\/erea-joel-jeannot.fr\/index.php?rest_route=%2Fwp%2Fv2%2Fcomments&post=1023"}],"version-history":[{"count":26,"href":"https:\/\/erea-joel-jeannot.fr\/index.php?rest_route=\/wp\/v2\/pages\/1023\/revisions"}],"predecessor-version":[{"id":1053,"href":"https:\/\/erea-joel-jeannot.fr\/index.php?rest_route=\/wp\/v2\/pages\/1023\/revisions\/1053"}],"wp:attachment":[{"href":"https:\/\/erea-joel-jeannot.fr\/index.php?rest_route=%2Fwp%2Fv2%2Fmedia&parent=1023"}],"curies":[{"name":"wp","href":"https:\/\/api.w.org\/{rel}","templated":true}]}}